{"id":9,"date":"2020-08-21T11:02:10","date_gmt":"2020-08-21T11:02:10","guid":{"rendered":"https:\/\/humbertoramos.net\/ramosdemorna\/?page_id=9"},"modified":"2020-08-21T11:10:47","modified_gmt":"2020-08-21T11:10:47","slug":"biografia","status":"publish","type":"page","link":"https:\/\/humbertoramos.net\/ramosdemorna\/biografia\/","title":{"rendered":"Biografia"},"content":{"rendered":"<body>\n<p>Humberto Vitorino Ramos, nascido em S.Vicente no ano 1967, Compositor, Pianista, Professor e Orquestrador, vive em Lisboa desde 1994.<\/p>\n\n\n\n<p>Iniciou os seus estudos musicais na escola Salesiana de Artes e Of\u00edcios em Mindelo. Estudou Teoria musical, Piano, Harm\u00f3nium e \u00f3rg\u00e3o com o Padre Cristiano Rodrigues.<\/p>\n\n\n\n<p>Licenciado em Composi\u00e7\u00e3o. Estudou na Escola Superior de M\u00fasica de Lisboa com os compositores Carlos Caires (Composi\u00e7\u00e3o, An\u00e1lise Musical, Sound and Music Computing), Ant\u00f3nio Pinho Vargas (Composi\u00e7\u00e3o), Carlos Marecos (T\u00e9cnicas de Composi\u00e7\u00e3o Contempor\u00e2nea), Jo\u00e3o Madureira (Harmonia e T\u00e9cnicas de Composi\u00e7\u00e3o Contempor\u00e2nea) maestro Roberto Perez (Orquestra\u00e7\u00e3o e T\u00e9cnicas de Composi\u00e7\u00e3o), Jos\u00e9 Luis Ferreira (Sound and Music Computing), Carlos Fernandes (Score Edition, Sound and Music Computing), Pedro Moreira (Orquestra\u00e7\u00e3o para Big Band e Composi\u00e7\u00e3o Jazz) e com Jo\u00e3o Moreira (Teoria e Harmonia do Jazz). Ainda estudou An\u00e1lise e T\u00e9cnicas de Composi\u00e7\u00e3o com Eurico Carrapatoso, Piano com Ana Valente na Academia Amadores de M\u00fasica, Piano Jazz com Jo\u00e3o Maur\u00edlio e Harmonia de Jazz com Z\u00e9 Eduardo. Frequentou semin\u00e1rios com os compositores: Jo\u00e3o Pedro Oliveira, Marc-Andr\u00e9 Dalbavie, Ertugrul Sevsay.<\/p>\n\n\n\n<p>\u00c9 professor de M\u00fasica na Academia de M\u00fasica de Alcoba\u00e7a onde leciona Forma\u00e7\u00e3o Musical, Teoria e An\u00e1lise Musical, F\u00edsica do Som e Projetos Colectivos e Improvisa\u00e7\u00e3o.<\/p>\n\n\n\n<p>Organista, diretor de coro e fundador dos pequenos cantores na Par\u00f3quia de Amora.\u00a0<\/p>\n\n\n\n<p>Como pianista e diretor musical trabalhou e trabalha com a maioria dos cantores cabo verdianos (Ces\u00e1ria \u00c9vora, Bana, Ildo Lobo, Titina, Celina Pereira, Maria Alice, Lura, Fantcha, Dud\u00fa Ara\u00fajo, Ana Firmino, Mariana Ramos, Tito Paris, Dany Silva\u2026etc) e atualmente \u00e9 diretor musical do projeto Tribute \u00e0 Ces\u00e1ria \u00c9vora. Tocou em v\u00e1rios grupos em S.Vicente:\u00a0 Wings, Hair Gang, Climax Band, Grito de Mindelo, Kings, Mindel Band.<\/p>\n<\/body>","protected":false},"excerpt":{"rendered":"<p>Humberto Vitorino Ramos, nascido em S.Vicente no ano 1967, Compositor, Pianista, Professor e Orquestrador, vive em Lisboa desde 1994. Iniciou os seus estudos musicais na escola Salesiana de Artes e Of\u00edcios em Mindelo. Estudou Teoria musical, Piano, Harm\u00f3nium e \u00f3rg\u00e3o com o Padre Cristiano Rodrigues. Licenciado em Composi\u00e7\u00e3o. Estudou na Escola Superior de M\u00fasica de [&hellip;]<\/p>\n","protected":false},"author":1,"featured_media":16,"parent":0,"menu_order":0,"comment_status":"closed","ping_status":"closed","template":"","meta":{"om_disable_all_campaigns":false,"_monsterinsights_skip_tracking":false,"_monsterinsights_sitenote_active":false,"_monsterinsights_sitenote_note":"","_monsterinsights_sitenote_category":0,"footnotes":""},"class_list":["post-9","page","type-page","status-publish","has-post-thumbnail","hentry"],"jetpack_sharing_enabled":true,"_links":{"self":[{"href":"https:\/\/humbertoramos.net\/ramosdemorna\/wp-json\/wp\/v2\/pages\/9","targetHints":{"allow":["GET"]}}],"collection":[{"href":"https:\/\/humbertoramos.net\/ramosdemorna\/wp-json\/wp\/v2\/pages"}],"about":[{"href":"https:\/\/humbertoramos.net\/ramosdemorna\/wp-json\/wp\/v2\/types\/page"}],"author":[{"embeddable":true,"href":"https:\/\/humbertoramos.net\/ramosdemorna\/wp-json\/wp\/v2\/users\/1"}],"replies":[{"embeddable":true,"href":"https:\/\/humbertoramos.net\/ramosdemorna\/wp-json\/wp\/v2\/comments?post=9"}],"version-history":[{"count":1,"href":"https:\/\/humbertoramos.net\/ramosdemorna\/wp-json\/wp\/v2\/pages\/9\/revisions"}],"predecessor-version":[{"id":10,"href":"https:\/\/humbertoramos.net\/ramosdemorna\/wp-json\/wp\/v2\/pages\/9\/revisions\/10"}],"wp:featuredmedia":[{"embeddable":true,"href":"https:\/\/humbertoramos.net\/ramosdemorna\/wp-json\/wp\/v2\/media\/16"}],"wp:attachment":[{"href":"https:\/\/humbertoramos.net\/ramosdemorna\/wp-json\/wp\/v2\/media?parent=9"}],"curies":[{"name":"wp","href":"https:\/\/api.w.org\/{rel}","templated":true}]}}

<body>
<p>Humberto Vitorino Ramos, nascido em S.Vicente no ano 1967, Compositor, Pianista, Professor e Orquestrador, vive em Lisboa desde 1994.</p>



<p>Iniciou os seus estudos musicais na escola Salesiana de Artes e Ofícios em Mindelo. Estudou Teoria musical, Piano, Harmónium e órgão com o Padre Cristiano Rodrigues.</p>



<p>Licenciado em Composição. Estudou na Escola Superior de Música de Lisboa com os compositores Carlos Caires (Composição, Análise Musical, Sound and Music Computing), António Pinho Vargas (Composição), Carlos Marecos (Técnicas de Composição Contemporânea), João Madureira (Harmonia e Técnicas de Composição Contemporânea) maestro Roberto Perez (Orquestração e Técnicas de Composição), José Luis Ferreira (Sound and Music Computing), Carlos Fernandes (Score Edition, Sound and Music Computing), Pedro Moreira (Orquestração para Big Band e Composição Jazz) e com João Moreira (Teoria e Harmonia do Jazz). Ainda estudou Análise e Técnicas de Composição com Eurico Carrapatoso, Piano com Ana Valente na Academia Amadores de Música, Piano Jazz com João Maurílio e Harmonia de Jazz com Zé Eduardo. Frequentou seminários com os compositores: João Pedro Oliveira, Marc-André Dalbavie, Ertugrul Sevsay.</p>



<p>É professor de Música na Academia de Música de Alcobaça onde leciona Formação Musical, Teoria e Análise Musical, Física do Som e Projetos Colectivos e Improvisação.</p>



<p>Organista, diretor de coro e fundador dos pequenos cantores na Paróquia de Amora. </p>



<p>Como pianista e diretor musical trabalhou e trabalha com a maioria dos cantores cabo verdianos (Cesária Évora, Bana, Ildo Lobo, Titina, Celina Pereira, Maria Alice, Lura, Fantcha, Dudú Araújo, Ana Firmino, Mariana Ramos, Tito Paris, Dany Silva…etc) e atualmente é diretor musical do projeto Tribute à Cesária Évora. Tocou em vários grupos em S.Vicente:  Wings, Hair Gang, Climax Band, Grito de Mindelo, Kings, Mindel Band.</p>
</body>

<p>Humberto Vitorino Ramos, nascido em S.Vicente no ano 1967, Compositor, Pianista, Professor e Orquestrador, vive em Lisboa desde 1994. Iniciou os seus estudos musicais na escola Salesiana de Artes e Ofícios em Mindelo. Estudou Teoria musical, Piano, Harmónium e órgão com o Padre Cristiano Rodrigues. Licenciado em Composição. Estudou na Escola Superior de Música de [&hellip;]</p>
