{"id":2,"date":"2022-12-19T12:41:29","date_gmt":"2022-12-19T12:41:29","guid":{"rendered":"https:\/\/humbertoramos.net\/songbooks\/?page_id=2"},"modified":"2022-12-21T12:18:13","modified_gmt":"2022-12-21T12:18:13","slug":"sample-page","status":"publish","type":"page","link":"https:\/\/humbertoramos.net\/songbooks\/","title":{"rendered":"Welcome"},"content":{"rendered":"<p><strong>Caros leitores,<\/strong><\/p>\n<p>com este trabalho pretendo dar um contributo para a divulga\u00e7\u00e3o da m\u00fasica de Cabo Verde.<br \/>\nO meu objectivo \u00e9 ajudar m\u00fasicos e curiosos que muitas vezes n\u00e3o t\u00eam acesso a este tipo de material.<br \/>\nO projeto &#8220;Songbooks de M\u00fasica de Cabo Verde&#8221; pretende levar a todos os leitores a hip\u00f3tese de terem acesso a partituras de m\u00fasica de Cabo Verde. O trabalho consiste em transcri\u00e7\u00f5es de m\u00fasicas de v\u00e1rios compositores caboverdeanos em formato Leadsheet e ainda letras com cifras.<\/p>\n<h3>Podem adquirir os livros enviando um email <a href=\"mailto:b2ramos@gmail.com\">clicando aqui<\/a>.<\/h3>\n<p>Assim, daqui a uns anos teremos a maior base de dados de m\u00fasica de Cabo Verde com letras, de \u201cconfian\u00e7a\u201d, \u00a0e com cifras para os mais novos poderem iniciar a sua caminhada musical.<\/p>\n<p><strong>PLAYBACKS QRCODE<\/strong><\/p>\n<p><img loading=\"lazy\" decoding=\"async\" class=\"alignnone  wp-image-132\" src=\"https:\/\/humbertoramos.net\/songbooks\/wp-content\/uploads\/2022\/12\/playbacks-300x300.png\" alt=\"\" width=\"123\" height=\"123\" srcset=\"https:\/\/humbertoramos.net\/songbooks\/wp-content\/uploads\/2022\/12\/playbacks-300x300.png 300w, https:\/\/humbertoramos.net\/songbooks\/wp-content\/uploads\/2022\/12\/playbacks-150x150.png 150w, https:\/\/humbertoramos.net\/songbooks\/wp-content\/uploads\/2022\/12\/playbacks-768x768.png 768w, https:\/\/humbertoramos.net\/songbooks\/wp-content\/uploads\/2022\/12\/playbacks-144x144.png 144w, https:\/\/humbertoramos.net\/songbooks\/wp-content\/uploads\/2022\/12\/playbacks-750x750.png 750w, https:\/\/humbertoramos.net\/songbooks\/wp-content\/uploads\/2022\/12\/playbacks.png 1007w\" sizes=\"auto, (max-width: 123px) 100vw, 123px\" \/><\/p>\n<p>with this work I intend to make a contribution to the dissemination of music from Cape Verde.<br \/>\nMy goal is to help musicians and curious people who often do not have access to this type of material.<br \/>\nThe project &#8220;Songbooks de M\u00fasica de Cabo Verde&#8221; aims to bring to all readers the chance to have access to music scores from Cape Verde. The work consists of transcriptions of songs by several Cape Verdean composers in Leadsheet format and also lyrics with chords.<\/p>\n<h3>You can purchase the books by sending an email by <a href=\"mailto:b2ramos@gmail.com\">clicking here<\/a>.<\/h3>\n<p>Thus, in a few years we will have the largest music database in Cape Verde with lyrics, &#8220;trust&#8221;, and with chords for the younger ones to start their musical journey.<\/p>\n","protected":false},"excerpt":{"rendered":"<p>Caros leitores, com este trabalho pretendo dar um contributo para a divulga\u00e7\u00e3o da m\u00fasica de Cabo Verde. O meu objectivo \u00e9 ajudar m\u00fasicos e curiosos que muitas vezes n\u00e3o t\u00eam acesso a este tipo de material. O projeto &#8220;Songbooks de M\u00fasica de Cabo Verde&#8221; pretende levar a todos os leitores a hip\u00f3tese de terem acesso &hellip; <\/p>\n<p><a class=\"more-link btn\" href=\"https:\/\/humbertoramos.net\/songbooks\/\">Continue reading<\/a><\/p>\n","protected":false},"author":1,"featured_media":11,"parent":0,"menu_order":0,"comment_status":"closed","ping_status":"open","template":"","meta":{"footnotes":""},"class_list":["post-2","page","type-page","status-publish","has-post-thumbnail","hentry","nodate","item-wrap"],"_links":{"self":[{"href":"https:\/\/humbertoramos.net\/songbooks\/wp-json\/wp\/v2\/pages\/2","targetHints":{"allow":["GET"]}}],"collection":[{"href":"https:\/\/humbertoramos.net\/songbooks\/wp-json\/wp\/v2\/pages"}],"about":[{"href":"https:\/\/humbertoramos.net\/songbooks\/wp-json\/wp\/v2\/types\/page"}],"author":[{"embeddable":true,"href":"https:\/\/humbertoramos.net\/songbooks\/wp-json\/wp\/v2\/users\/1"}],"replies":[{"embeddable":true,"href":"https:\/\/humbertoramos.net\/songbooks\/wp-json\/wp\/v2\/comments?post=2"}],"version-history":[{"count":11,"href":"https:\/\/humbertoramos.net\/songbooks\/wp-json\/wp\/v2\/pages\/2\/revisions"}],"predecessor-version":[{"id":133,"href":"https:\/\/humbertoramos.net\/songbooks\/wp-json\/wp\/v2\/pages\/2\/revisions\/133"}],"wp:featuredmedia":[{"embeddable":true,"href":"https:\/\/humbertoramos.net\/songbooks\/wp-json\/wp\/v2\/media\/11"}],"wp:attachment":[{"href":"https:\/\/humbertoramos.net\/songbooks\/wp-json\/wp\/v2\/media?parent=2"}],"curies":[{"name":"wp","href":"https:\/\/api.w.org\/{rel}","templated":true}]}}